{"id":57,"date":"2021-01-06T10:30:01","date_gmt":"2021-01-06T10:30:01","guid":{"rendered":"http:\/\/nyirvideki.kisvasut.hu\/?page_id=57"},"modified":"2025-12-29T12:39:50","modified_gmt":"2025-12-29T11:39:50","slug":"csatlakozz-hozzank","status":"publish","type":"page","link":"https:\/\/nyirvideki.kisvasut.hu\/?page_id=57","title":{"rendered":"Csatlakozz hozz\u00e1nk!"},"content":{"rendered":"\t\t<div data-elementor-type=\"wp-post\" data-elementor-id=\"57\" class=\"elementor elementor-57\">\n\t\t\t\t\t\t<section class=\"elementor-section elementor-top-section elementor-element elementor-element-83234b0 elementor-section-boxed elementor-section-height-default elementor-section-height-default\" data-id=\"83234b0\" data-element_type=\"section\">\n\t\t\t\t\t\t<div class=\"elementor-container elementor-column-gap-default\">\n\t\t\t\t\t<div class=\"elementor-column elementor-col-100 elementor-top-column elementor-element elementor-element-71310bf\" data-id=\"71310bf\" data-element_type=\"column\">\n\t\t\t<div class=\"elementor-widget-wrap elementor-element-populated\">\n\t\t\t\t\t\t<div class=\"elementor-element elementor-element-af46322 elementor-widget elementor-widget-heading\" data-id=\"af46322\" data-element_type=\"widget\" data-widget_type=\"heading.default\">\n\t\t\t\t<div class=\"elementor-widget-container\">\n\t\t\t\t\t<h2 class=\"elementor-heading-title elementor-size-default\">Szeretn\u00e9l te is \u00f6nk\u00e9ntes lenni? J\u00f3 helyen j\u00e1rsz!<\/h2>\t\t\t\t<\/div>\n\t\t\t\t<\/div>\n\t\t\t\t\t<\/div>\n\t\t<\/div>\n\t\t\t\t\t<\/div>\n\t\t<\/section>\n\t\t\t\t<section class=\"elementor-section elementor-top-section elementor-element elementor-element-76c51c1 elementor-section-boxed elementor-section-height-default elementor-section-height-default\" data-id=\"76c51c1\" data-element_type=\"section\">\n\t\t\t\t\t\t<div class=\"elementor-container elementor-column-gap-default\">\n\t\t\t\t\t<div class=\"elementor-column elementor-col-100 elementor-top-column elementor-element elementor-element-f81ebf5\" data-id=\"f81ebf5\" data-element_type=\"column\">\n\t\t\t<div class=\"elementor-widget-wrap elementor-element-populated\">\n\t\t\t\t\t\t<div class=\"elementor-element elementor-element-dc37f48 elementor-widget elementor-widget-text-editor\" data-id=\"dc37f48\" data-element_type=\"widget\" data-widget_type=\"text-editor.default\">\n\t\t\t\t<div class=\"elementor-widget-container\">\n\t\t\t\t\t\t\t\t\t<p>Amennyiben tagja szeretn\u00e9l lenni k\u00f6z\u00f6ss\u00e9g\u00fcnknek, bel\u00e9p\u00e9si sz\u00e1nd\u00e9kodat az\u00a0<a href=\"https:\/\/egyesuletonline.hu\/regisztracio\/kbk\" target=\"_blank\" rel=\"noopener\">Egyes\u00fcletOnline-n val\u00f3 regisztr\u00e1ci\u00f3val<\/a>\u00a0\u00e9s ott beny\u00fajtott bel\u00e9p\u00e9si nyilatkozattal k\u00f6z\u00f6lheted.<\/p><p>Az is megfelel\u0151, ha a\u00a0<a href=\"https:\/\/kisvasut.hu\/index.php?rfa=83\" target=\"_blank\" rel=\"noopener\">Dokumentumt\u00e1rban<\/a>\u00a0tal\u00e1lhat\u00f3\u00a0<a href=\"https:\/\/kisvasut.hu\/keret\/showfile.php?id=526\">Bel\u00e9p\u00e9si nyilatkozatot<\/a>\u00a0kit\u00f6lt\u00f6d, kinyomtatod, al\u00e1\u00edrod \u00e9s postai \u00faton (vagy szem\u00e9lyesen) eljuttatod az\u00a0Egyes\u00fclet sz\u00e9khely c\u00edm\u00e9re. Ha ezt v\u00e1lasztod, az al\u00e1\u00edrt bel\u00e9p\u00e9si nyilatkozatot beszkennelve e-mailban is k\u00fcldd el a\u00a0<a href=\"mailto:kbk@kisvasut.hu?subject=Tagfelv%C3%A9teli%20k%C3%A9relem&amp;body=Kisvasutak%20Bar%C3%A1ti%20K%C3%B6re%20Egyes%C3%BClet%20eln%C3%B6ke%20r%C3%A9sz%C3%A9re%0A%0ATisztelt%20Eln%C3%B6k%20%C3%9Ar%2F%C3%9Arh%C3%B6lgy!%0A%0AAlul%C3%ADrott%20%7BN%C3%89V%7D%20ez%C3%BAton%20kijelentem%2C%20hogy%20a%20Kisvasutak%20Bar%C3%A1ti%20K%C3%B6re%20Egyes%C3%BClet%20tagja%20k%C3%ADv%C3%A1nok%20lenni.%20Csatoltan%20k%C3%BCld%C3%B6m%20az%20al%C3%A1%C3%ADrt%20bel%C3%A9p%C3%A9si%20nyilatkozatomat.%0AK%C3%A9rem%2C%20terjessze%20azt%20az%20Eln%C3%B6ks%C3%A9g%20k%C3%B6vetkez%C5%91%20%C3%BCl%C3%A9se%20el%C3%A9!%0AK%C3%B6sz%C3%B6nettel%3A%0A%7BN%C3%89V%7D%0A%7Be-mail%7D%0A%7Btelefon%7D\">kbk kukac kisvasut pont hu<\/a>\u00a0c\u00edmre, ez meggyors\u00edtja az \u00fcgymenetet. Ha teheted, elektronikusan hiteles\u00edtve k\u00fcldd.<\/p><p>Fontos, hogy ha 18. \u00e9let\u00e9vedet m\u00e9g nem t\u00f6lt\u00f6tted be, akkor a bel\u00e9p\u00e9si nyilatkozatod csak akkor \u00e9rv\u00e9nyes, ha t\u00f6rv\u00e9nyes gondvisel\u0151d is j\u00f3v\u00e1hagy\u00f3lag al\u00e1\u00edrta azt.<\/p><p>Az \u00e9rdekl\u0151d\u00e9si k\u00f6r r\u00f6vid le\u00edr\u00e1sa rovatba \u00edrd be, hogy a Ny\u00edrvid\u00e9ki Szakcsoporthoz szeretn\u00e9l csatlakozni.<br \/>Ha kit\u00f6lt\u00f6tted a nyilatkozatot, nyomtasd ki \u00e9s \u00edrd al\u00e1. Az al\u00e1\u00edrt nyilatkozatot szkennelve k\u00fcldd el a kbk@kisvasut.hu e-mail c\u00edmre.<\/p><p>A felv\u00e9teledr\u0151l az Eln\u00f6ks\u00e9g fog d\u00f6nteni, melyr\u0151l \u00e9rtes\u00edt\u00e9st kapsz.<\/p><p>Az Egyes\u00fclet \u00e9ves tagd\u00edjai a k\u00f6vetkez\u0151ek:<\/p><ul><li>\u00a0Rendes tag: 10000 Ft\/ \u00e9v<\/li><li>\u00a0Ifj\u00fas\u00e1gi\/Nyugd\u00edjas tag: 5000Ft\/ \u00e9v<\/li><\/ul>\t\t\t\t\t\t\t\t<\/div>\n\t\t\t\t<\/div>\n\t\t\t\t\t<\/div>\n\t\t<\/div>\n\t\t\t\t\t<\/div>\n\t\t<\/section>\n\t\t\t\t<section class=\"elementor-section elementor-top-section elementor-element elementor-element-df9c1be elementor-section-boxed elementor-section-height-default elementor-section-height-default\" data-id=\"df9c1be\" data-element_type=\"section\">\n\t\t\t\t\t\t<div class=\"elementor-container elementor-column-gap-default\">\n\t\t\t\t\t<div class=\"elementor-column elementor-col-100 elementor-top-column elementor-element elementor-element-e776142\" data-id=\"e776142\" data-element_type=\"column\">\n\t\t\t<div class=\"elementor-widget-wrap elementor-element-populated\">\n\t\t\t\t\t\t<div class=\"elementor-element elementor-element-ba72811 elementor-widget-divider--view-line elementor-widget elementor-widget-divider\" data-id=\"ba72811\" data-element_type=\"widget\" data-widget_type=\"divider.default\">\n\t\t\t\t<div class=\"elementor-widget-container\">\n\t\t\t\t\t\t\t<div class=\"elementor-divider\">\n\t\t\t<span class=\"elementor-divider-separator\">\n\t\t\t\t\t\t<\/span>\n\t\t<\/div>\n\t\t\t\t\t\t<\/div>\n\t\t\t\t<\/div>\n\t\t\t\t\t<\/div>\n\t\t<\/div>\n\t\t\t\t\t<\/div>\n\t\t<\/section>\n\t\t\t\t<section class=\"elementor-section elementor-top-section elementor-element elementor-element-324463f elementor-section-boxed elementor-section-height-default elementor-section-height-default\" data-id=\"324463f\" data-element_type=\"section\">\n\t\t\t\t\t\t<div class=\"elementor-container elementor-column-gap-default\">\n\t\t\t\t\t<div class=\"elementor-column elementor-col-100 elementor-top-column elementor-element elementor-element-a08fa38\" data-id=\"a08fa38\" data-element_type=\"column\">\n\t\t\t<div class=\"elementor-widget-wrap elementor-element-populated\">\n\t\t\t\t\t\t<div class=\"elementor-element elementor-element-b16a620 elementor-widget elementor-widget-heading\" data-id=\"b16a620\" data-element_type=\"widget\" data-widget_type=\"heading.default\">\n\t\t\t\t<div class=\"elementor-widget-container\">\n\t\t\t\t\t<h2 class=\"elementor-heading-title elementor-size-default\">Mit kell tenned, ha m\u00e1r tagja vagy a Kisvasutak Bar\u00e1ti K\u00f6re Egyes\u00fcletnek \u00e9s r\u00e9szt szeretn\u00e9l venni a munk\u00e1nkban?<\/h2>\t\t\t\t<\/div>\n\t\t\t\t<\/div>\n\t\t\t\t\t<\/div>\n\t\t<\/div>\n\t\t\t\t\t<\/div>\n\t\t<\/section>\n\t\t\t\t<section class=\"elementor-section elementor-top-section elementor-element elementor-element-41ee22b elementor-section-boxed elementor-section-height-default elementor-section-height-default\" data-id=\"41ee22b\" data-element_type=\"section\">\n\t\t\t\t\t\t<div class=\"elementor-container elementor-column-gap-default\">\n\t\t\t\t\t<div class=\"elementor-column elementor-col-100 elementor-top-column elementor-element elementor-element-30b744b\" data-id=\"30b744b\" data-element_type=\"column\">\n\t\t\t<div class=\"elementor-widget-wrap elementor-element-populated\">\n\t\t\t\t\t\t<div class=\"elementor-element elementor-element-7c20038 elementor-widget elementor-widget-text-editor\" data-id=\"7c20038\" data-element_type=\"widget\" data-widget_type=\"text-editor.default\">\n\t\t\t\t<div class=\"elementor-widget-container\">\n\t\t\t\t\t\t\t\t\t<p>Ha Egyes\u00fcleti tag vagy, \u00e9s szeretn\u00e9l csatlakozni a Ny\u00edrvid\u00e9ki Szakcsoporthoz \u00edrj egy e-mailt a nyirvideki@kisvasut.hu valamint a vezetoseg@kbk.hu c\u00edmekre. Ezt a levelet meg is \u00edrtuk, csak be kell helyettes\u00edtened a vastagon szedett r\u00e9szekn\u00e9l.<\/p>\t\t\t\t\t\t\t\t<\/div>\n\t\t\t\t<\/div>\n\t\t\t\t\t<\/div>\n\t\t<\/div>\n\t\t\t\t\t<\/div>\n\t\t<\/section>\n\t\t\t\t<section class=\"elementor-section elementor-top-section elementor-element elementor-element-2d9a4bb elementor-section-boxed elementor-section-height-default elementor-section-height-default\" data-id=\"2d9a4bb\" data-element_type=\"section\">\n\t\t\t\t\t\t<div class=\"elementor-container elementor-column-gap-default\">\n\t\t\t\t\t<div class=\"elementor-column elementor-col-100 elementor-top-column elementor-element elementor-element-4b3a7b1\" data-id=\"4b3a7b1\" data-element_type=\"column\">\n\t\t\t<div class=\"elementor-widget-wrap elementor-element-populated\">\n\t\t\t\t\t\t<div class=\"elementor-element elementor-element-9ef54ca elementor-widget elementor-widget-text-editor\" data-id=\"9ef54ca\" data-element_type=\"widget\" data-widget_type=\"text-editor.default\">\n\t\t\t\t<div class=\"elementor-widget-container\">\n\t\t\t\t\t\t\t\t\t<p>Tisztelt Vezet\u0151s\u00e9g!<\/p><p>\u00c9n <strong>N\u00c9V<\/strong> kijelentem, hogy a Ny\u00edrvid\u00e9ki Szakcsoport alap\u00edt\u00f3 nyilatkozat\u00e1val egyet\u00e9rtek, a Ny\u00edrvid\u00e9ki Szakcsoport tagja k\u00edv\u00e1nok lenni.<\/p><p>Tisztelettel:<br \/><strong>N\u00c9V<\/strong><\/p>\t\t\t\t\t\t\t\t<\/div>\n\t\t\t\t<\/div>\n\t\t\t\t\t<\/div>\n\t\t<\/div>\n\t\t\t\t\t<\/div>\n\t\t<\/section>\n\t\t\t\t<section class=\"elementor-section elementor-top-section elementor-element elementor-element-08f323a elementor-section-boxed elementor-section-height-default elementor-section-height-default\" data-id=\"08f323a\" data-element_type=\"section\">\n\t\t\t\t\t\t<div class=\"elementor-container elementor-column-gap-default\">\n\t\t\t\t\t<div class=\"elementor-column elementor-col-100 elementor-top-column elementor-element elementor-element-61b9bd6\" data-id=\"61b9bd6\" data-element_type=\"column\">\n\t\t\t<div class=\"elementor-widget-wrap elementor-element-populated\">\n\t\t\t\t\t\t<div class=\"elementor-element elementor-element-321e1cb elementor-widget-divider--view-line elementor-widget elementor-widget-divider\" data-id=\"321e1cb\" data-element_type=\"widget\" data-widget_type=\"divider.default\">\n\t\t\t\t<div class=\"elementor-widget-container\">\n\t\t\t\t\t\t\t<div class=\"elementor-divider\">\n\t\t\t<span class=\"elementor-divider-separator\">\n\t\t\t\t\t\t<\/span>\n\t\t<\/div>\n\t\t\t\t\t\t<\/div>\n\t\t\t\t<\/div>\n\t\t\t\t\t<\/div>\n\t\t<\/div>\n\t\t\t\t\t<\/div>\n\t\t<\/section>\n\t\t\t\t<section class=\"elementor-section elementor-top-section elementor-element elementor-element-41aab28 elementor-section-boxed elementor-section-height-default elementor-section-height-default\" data-id=\"41aab28\" data-element_type=\"section\">\n\t\t\t\t\t\t<div class=\"elementor-container elementor-column-gap-default\">\n\t\t\t\t\t<div class=\"elementor-column elementor-col-100 elementor-top-column elementor-element elementor-element-8fb3f1b\" data-id=\"8fb3f1b\" data-element_type=\"column\">\n\t\t\t<div class=\"elementor-widget-wrap elementor-element-populated\">\n\t\t\t\t\t\t<div class=\"elementor-element elementor-element-fd387e6 elementor-widget elementor-widget-heading\" data-id=\"fd387e6\" data-element_type=\"widget\" data-widget_type=\"heading.default\">\n\t\t\t\t<div class=\"elementor-widget-container\">\n\t\t\t\t\t<h2 class=\"elementor-heading-title elementor-size-default\">A Ny\u00edrvid\u00e9ki szakcsoport alap\u00edt\u00f3 nyilatkozata:<\/h2>\t\t\t\t<\/div>\n\t\t\t\t<\/div>\n\t\t\t\t\t<\/div>\n\t\t<\/div>\n\t\t\t\t\t<\/div>\n\t\t<\/section>\n\t\t\t\t<section class=\"elementor-section elementor-top-section elementor-element elementor-element-c83a249 elementor-section-boxed elementor-section-height-default elementor-section-height-default\" data-id=\"c83a249\" data-element_type=\"section\">\n\t\t\t\t\t\t<div class=\"elementor-container elementor-column-gap-default\">\n\t\t\t\t\t<div class=\"elementor-column elementor-col-100 elementor-top-column elementor-element elementor-element-26f5068\" data-id=\"26f5068\" data-element_type=\"column\">\n\t\t\t<div class=\"elementor-widget-wrap elementor-element-populated\">\n\t\t\t\t\t\t<div class=\"elementor-element elementor-element-68043e8 elementor-widget elementor-widget-pdf_viewer\" data-id=\"68043e8\" data-element_type=\"widget\" data-widget_type=\"pdf_viewer.default\">\n\t\t\t\t<div class=\"elementor-widget-container\">\n\t\t\t\t\t<iframe src=\"https:\/\/docs.google.com\/viewer?url=http:\/\/nyirvideki.kisvasut.hu\/wp-content\/uploads\/2021\/01\/alap\u00edt\u00f3-nyilatkozat.pdf&amp;embedded=true\" style=\"display: block; margin-left: auto; margin-right: auto; width: 640px; height: 1020px;\" frameborder=\"1\" marginheight=\"0px\" marginwidth=\"0px\" allowfullscreen><\/iframe>\t\t\t\t<\/div>\n\t\t\t\t<\/div>\n\t\t\t\t\t<\/div>\n\t\t<\/div>\n\t\t\t\t\t<\/div>\n\t\t<\/section>\n\t\t\t\t<section class=\"elementor-section elementor-top-section elementor-element elementor-element-098f881 elementor-section-boxed elementor-section-height-default elementor-section-height-default\" data-id=\"098f881\" data-element_type=\"section\">\n\t\t\t\t\t\t<div class=\"elementor-container elementor-column-gap-default\">\n\t\t\t\t\t<div class=\"elementor-column elementor-col-100 elementor-top-column elementor-element elementor-element-20e0b24\" data-id=\"20e0b24\" data-element_type=\"column\">\n\t\t\t<div class=\"elementor-widget-wrap\">\n\t\t\t\t\t\t\t<\/div>\n\t\t<\/div>\n\t\t\t\t\t<\/div>\n\t\t<\/section>\n\t\t\t\t<section class=\"elementor-section elementor-top-section elementor-element elementor-element-0355ff9 elementor-section-boxed elementor-section-height-default elementor-section-height-default\" data-id=\"0355ff9\" data-element_type=\"section\">\n\t\t\t\t\t\t<div class=\"elementor-container elementor-column-gap-default\">\n\t\t\t\t\t<div class=\"elementor-column elementor-col-100 elementor-top-column elementor-element elementor-element-22861e8\" data-id=\"22861e8\" data-element_type=\"column\">\n\t\t\t<div class=\"elementor-widget-wrap elementor-element-populated\">\n\t\t\t\t\t\t<section class=\"elementor-section elementor-inner-section elementor-element elementor-element-59ce4a5 elementor-section-boxed elementor-section-height-default elementor-section-height-default\" data-id=\"59ce4a5\" data-element_type=\"section\">\n\t\t\t\t\t\t<div class=\"elementor-container elementor-column-gap-default\">\n\t\t\t\t\t<div class=\"elementor-column elementor-col-50 elementor-inner-column elementor-element elementor-element-e22185d\" data-id=\"e22185d\" data-element_type=\"column\">\n\t\t\t<div class=\"elementor-widget-wrap\">\n\t\t\t\t\t\t\t<\/div>\n\t\t<\/div>\n\t\t\t\t<div class=\"elementor-column elementor-col-50 elementor-inner-column elementor-element elementor-element-fb82a8c\" data-id=\"fb82a8c\" data-element_type=\"column\">\n\t\t\t<div class=\"elementor-widget-wrap\">\n\t\t\t\t\t\t\t<\/div>\n\t\t<\/div>\n\t\t\t\t\t<\/div>\n\t\t<\/section>\n\t\t\t\t\t<\/div>\n\t\t<\/div>\n\t\t\t\t\t<\/div>\n\t\t<\/section>\n\t\t\t\t<\/div>\n\t\t","protected":false},"excerpt":{"rendered":"<p>Szeretn\u00e9l te is \u00f6nk\u00e9ntes lenni? J\u00f3 helyen j\u00e1rsz! Amennyiben tagja szeretn\u00e9l lenni k\u00f6z\u00f6ss\u00e9g\u00fcnknek, bel\u00e9p\u00e9si sz\u00e1nd\u00e9kodat az\u00a0Egyes\u00fcletOnline-n val\u00f3 regisztr\u00e1ci\u00f3val\u00a0\u00e9s ott beny\u00fajtott bel\u00e9p\u00e9si nyilatkozattal k\u00f6z\u00f6lheted. Az is&hellip;<\/p>\n","protected":false},"author":1,"featured_media":0,"parent":0,"menu_order":0,"comment_status":"closed","ping_status":"closed","template":"elementor_header_footer","meta":{"footnotes":""},"class_list":["post-57","page","type-page","status-publish","hentry"],"_links":{"self":[{"href":"https:\/\/nyirvideki.kisvasut.hu\/index.php?rest_route=\/wp\/v2\/pages\/57","targetHints":{"allow":["GET"]}}],"collection":[{"href":"https:\/\/nyirvideki.kisvasut.hu\/index.php?rest_route=\/wp\/v2\/pages"}],"about":[{"href":"https:\/\/nyirvideki.kisvasut.hu\/index.php?rest_route=\/wp\/v2\/types\/page"}],"author":[{"embeddable":true,"href":"https:\/\/nyirvideki.kisvasut.hu\/index.php?rest_route=\/wp\/v2\/users\/1"}],"replies":[{"embeddable":true,"href":"https:\/\/nyirvideki.kisvasut.hu\/index.php?rest_route=%2Fwp%2Fv2%2Fcomments&post=57"}],"version-history":[{"count":24,"href":"https:\/\/nyirvideki.kisvasut.hu\/index.php?rest_route=\/wp\/v2\/pages\/57\/revisions"}],"predecessor-version":[{"id":579,"href":"https:\/\/nyirvideki.kisvasut.hu\/index.php?rest_route=\/wp\/v2\/pages\/57\/revisions\/579"}],"wp:attachment":[{"href":"https:\/\/nyirvideki.kisvasut.hu\/index.php?rest_route=%2Fwp%2Fv2%2Fmedia&parent=57"}],"curies":[{"name":"wp","href":"https:\/\/api.w.org\/{rel}","templated":true}]}}