{"id":62,"date":"2021-01-06T10:32:29","date_gmt":"2021-01-06T10:32:29","guid":{"rendered":"http:\/\/nyirvideki.kisvasut.hu\/?page_id=62"},"modified":"2025-12-29T12:18:23","modified_gmt":"2025-12-29T11:18:23","slug":"kapcsolat","status":"publish","type":"page","link":"https:\/\/nyirvideki.kisvasut.hu\/?page_id=62","title":{"rendered":"Kapcsolat"},"content":{"rendered":"\t\t<div data-elementor-type=\"wp-post\" data-elementor-id=\"62\" class=\"elementor elementor-62\">\n\t\t\t\t\t\t<section class=\"elementor-section elementor-top-section elementor-element elementor-element-00f81e8 elementor-section-boxed elementor-section-height-default elementor-section-height-default\" data-id=\"00f81e8\" data-element_type=\"section\">\n\t\t\t\t\t\t<div class=\"elementor-container elementor-column-gap-default\">\n\t\t\t\t\t<div class=\"elementor-column elementor-col-100 elementor-top-column elementor-element elementor-element-533b017\" data-id=\"533b017\" data-element_type=\"column\">\n\t\t\t<div class=\"elementor-widget-wrap elementor-element-populated\">\n\t\t\t\t\t\t<div class=\"elementor-element elementor-element-6481446 elementor-widget elementor-widget-heading\" data-id=\"6481446\" data-element_type=\"widget\" data-widget_type=\"heading.default\">\n\t\t\t\t<div class=\"elementor-widget-container\">\n\t\t\t\t\t<h2 class=\"elementor-heading-title elementor-size-default\">A Ny\u00edrvid\u00e9ki Szakcsoport el\u00e9rhet\u0151s\u00e9ge:<\/h2>\t\t\t\t<\/div>\n\t\t\t\t<\/div>\n\t\t\t\t\t<\/div>\n\t\t<\/div>\n\t\t\t\t\t<\/div>\n\t\t<\/section>\n\t\t\t\t<section class=\"elementor-section elementor-top-section elementor-element elementor-element-28b6af8 elementor-section-boxed elementor-section-height-default elementor-section-height-default\" data-id=\"28b6af8\" data-element_type=\"section\">\n\t\t\t\t\t\t<div class=\"elementor-container elementor-column-gap-default\">\n\t\t\t\t\t<div class=\"elementor-column elementor-col-50 elementor-top-column elementor-element elementor-element-f33637a\" data-id=\"f33637a\" data-element_type=\"column\">\n\t\t\t<div class=\"elementor-widget-wrap elementor-element-populated\">\n\t\t\t\t\t\t<div class=\"elementor-element elementor-element-a5a68af elementor-widget elementor-widget-text-editor\" data-id=\"a5a68af\" data-element_type=\"widget\" data-widget_type=\"text-editor.default\">\n\t\t\t\t<div class=\"elementor-widget-container\">\n\t\t\t\t\t\t\t\t\t<p><strong>E-mail: nyirvideki@kisvasut.hu<\/strong><\/p><p>Szakcsoport vezet\u0151:<br \/><strong>F\u0171t\u0151 Bence J\u00e1nos<\/strong><br \/>Mobil:\u00a0 \u00a0 \u00a0 \u00a0 (+36) 30\/255-0858<br \/>E-mail:\u00a0 \u00a0 \u00a0 futo.bence.janos@kisvasut.hu<\/p><p>Szakcsoporti koordin\u00e1tor:<br \/><strong>Kov\u00e1cs M\u00e1t\u00e9<\/strong><br \/>E-mail:\u00a0 \u00a0 \u00a0kovacs.mate@kisvasut.hu\u00a0\u00a0<\/p><p>Facebook: <a href=\"https:\/\/www.facebook.com\/nyirvidekikisvasut\">Ny\u00edrvid\u00e9ki Kisvas\u00fat<\/a><\/p>\t\t\t\t\t\t\t\t<\/div>\n\t\t\t\t<\/div>\n\t\t\t\t\t<\/div>\n\t\t<\/div>\n\t\t\t\t<div class=\"elementor-column elementor-col-50 elementor-top-column elementor-element elementor-element-05f3e99\" data-id=\"05f3e99\" data-element_type=\"column\">\n\t\t\t<div class=\"elementor-widget-wrap elementor-element-populated\">\n\t\t\t\t\t\t<div class=\"elementor-element elementor-element-0bd485c elementor-widget elementor-widget-google_maps\" data-id=\"0bd485c\" data-element_type=\"widget\" data-widget_type=\"google_maps.default\">\n\t\t\t\t<div class=\"elementor-widget-container\">\n\t\t\t\t\t\t\t<div class=\"elementor-custom-embed\">\n\t\t\t<iframe loading=\"lazy\"\n\t\t\t\t\tsrc=\"https:\/\/maps.google.com\/maps?q=48%C2%B013%2731.5%22N%2021%C2%B055%2719.0%22E&#038;t=m&#038;z=16&#038;output=embed&#038;iwloc=near\"\n\t\t\t\t\ttitle=\"48\u00b013&#039;31.5&quot;N 21\u00b055&#039;19.0&quot;E\"\n\t\t\t\t\taria-label=\"48\u00b013&#039;31.5&quot;N 21\u00b055&#039;19.0&quot;E\"\n\t\t\t><\/iframe>\n\t\t<\/div>\n\t\t\t\t\t\t<\/div>\n\t\t\t\t<\/div>\n\t\t\t\t\t<\/div>\n\t\t<\/div>\n\t\t\t\t\t<\/div>\n\t\t<\/section>\n\t\t\t\t<section class=\"elementor-section elementor-top-section elementor-element elementor-element-2d74da7 elementor-section-boxed elementor-section-height-default elementor-section-height-default\" data-id=\"2d74da7\" data-element_type=\"section\">\n\t\t\t\t\t\t<div class=\"elementor-container elementor-column-gap-default\">\n\t\t\t\t\t<div class=\"elementor-column elementor-col-100 elementor-top-column elementor-element elementor-element-431ffd1\" data-id=\"431ffd1\" data-element_type=\"column\">\n\t\t\t<div class=\"elementor-widget-wrap elementor-element-populated\">\n\t\t\t\t\t\t<div class=\"elementor-element elementor-element-592a0ce elementor-widget-divider--view-line elementor-widget elementor-widget-divider\" data-id=\"592a0ce\" data-element_type=\"widget\" data-widget_type=\"divider.default\">\n\t\t\t\t<div class=\"elementor-widget-container\">\n\t\t\t\t\t\t\t<div class=\"elementor-divider\">\n\t\t\t<span class=\"elementor-divider-separator\">\n\t\t\t\t\t\t<\/span>\n\t\t<\/div>\n\t\t\t\t\t\t<\/div>\n\t\t\t\t<\/div>\n\t\t\t\t<div class=\"elementor-element elementor-element-8548c94 elementor-widget elementor-widget-heading\" data-id=\"8548c94\" data-element_type=\"widget\" data-widget_type=\"heading.default\">\n\t\t\t\t<div class=\"elementor-widget-container\">\n\t\t\t\t\t<h2 class=\"elementor-heading-title elementor-size-default\">A Kisvasutak Bar\u00e1ti K\u00f6re egyes\u00fclet el\u00e9rhet\u0151s\u00e9ge:<\/h2>\t\t\t\t<\/div>\n\t\t\t\t<\/div>\n\t\t\t\t\t<\/div>\n\t\t<\/div>\n\t\t\t\t\t<\/div>\n\t\t<\/section>\n\t\t\t\t<section class=\"elementor-section elementor-top-section elementor-element elementor-element-70b9a64 elementor-section-boxed elementor-section-height-default elementor-section-height-default\" data-id=\"70b9a64\" data-element_type=\"section\">\n\t\t\t\t\t\t<div class=\"elementor-container elementor-column-gap-default\">\n\t\t\t\t\t<div class=\"elementor-column elementor-col-100 elementor-top-column elementor-element elementor-element-7c0b9c2\" data-id=\"7c0b9c2\" data-element_type=\"column\">\n\t\t\t<div class=\"elementor-widget-wrap elementor-element-populated\">\n\t\t\t\t\t\t<div class=\"elementor-element elementor-element-523f04b elementor-widget elementor-widget-text-editor\" data-id=\"523f04b\" data-element_type=\"widget\" data-widget_type=\"text-editor.default\">\n\t\t\t\t<div class=\"elementor-widget-container\">\n\t\t\t\t\t\t\t\t\t<p>Sz\u00e9khely \u00e9s levelez\u00e9si c\u00edm: 1222 Budapest, J\u00f3zsef utca 7.<\/p><p>E-mail: kbk@kisvasut.hu<\/p><p>Weboldal: www.kisvasut.hu<\/p><p>Telefonsz\u00e1munk: (+36) 20\/256-3825<\/p><p>Sz\u00e1mlasz\u00e1munk: 11712004-20206435 (OTP Bank Nyrt.) &#8211; <b>Ha a Ny\u00edrvid\u00e9ki Szakcsoportot szeretn\u00e9d t\u00e1mogatni, az utal\u00e1skor megjegyz\u00e9sben t\u00fcntesd fel a <u><i>Ny\u00edrvid\u00e9ki Szakcsoport<\/i><\/u> szavakat!<\/b><\/p><p>Ad\u00f3sz\u00e1munk: 18077847-2-43 (A szem\u00e9lyi j\u00f6vedelemad\u00f3 1%-\u00e1nak felaj\u00e1nl\u00e1s\u00e1t k\u00f6sz\u00f6nj\u00fck!)<\/p>\t\t\t\t\t\t\t\t<\/div>\n\t\t\t\t<\/div>\n\t\t\t\t\t<\/div>\n\t\t<\/div>\n\t\t\t\t\t<\/div>\n\t\t<\/section>\n\t\t\t\t<section class=\"elementor-section elementor-top-section elementor-element elementor-element-1f15c19 elementor-section-boxed elementor-section-height-default elementor-section-height-default\" data-id=\"1f15c19\" data-element_type=\"section\">\n\t\t\t\t\t\t<div class=\"elementor-container elementor-column-gap-default\">\n\t\t\t\t\t<div class=\"elementor-column elementor-col-100 elementor-top-column elementor-element elementor-element-95a1f36\" data-id=\"95a1f36\" data-element_type=\"column\">\n\t\t\t<div class=\"elementor-widget-wrap elementor-element-populated\">\n\t\t\t\t\t\t<div class=\"elementor-element elementor-element-b005f41 elementor-widget-divider--view-line elementor-widget elementor-widget-divider\" data-id=\"b005f41\" data-element_type=\"widget\" data-widget_type=\"divider.default\">\n\t\t\t\t<div class=\"elementor-widget-container\">\n\t\t\t\t\t\t\t<div class=\"elementor-divider\">\n\t\t\t<span class=\"elementor-divider-separator\">\n\t\t\t\t\t\t<\/span>\n\t\t<\/div>\n\t\t\t\t\t\t<\/div>\n\t\t\t\t<\/div>\n\t\t\t\t<div class=\"elementor-element elementor-element-193a753 elementor-widget elementor-widget-heading\" data-id=\"193a753\" data-element_type=\"widget\" data-widget_type=\"heading.default\">\n\t\t\t\t<div class=\"elementor-widget-container\">\n\t\t\t\t\t<h2 class=\"elementor-heading-title elementor-size-default\">A Kisvasutak Bar\u00e1ti K\u00f6re Egyes\u00fcleten bel\u00fcl kiemelt partnereink:<\/h2>\t\t\t\t<\/div>\n\t\t\t\t<\/div>\n\t\t\t\t<div class=\"elementor-element elementor-element-7b2166f elementor-widget elementor-widget-spacer\" data-id=\"7b2166f\" data-element_type=\"widget\" data-widget_type=\"spacer.default\">\n\t\t\t\t<div class=\"elementor-widget-container\">\n\t\t\t\t\t\t\t<div class=\"elementor-spacer\">\n\t\t\t<div class=\"elementor-spacer-inner\"><\/div>\n\t\t<\/div>\n\t\t\t\t\t\t<\/div>\n\t\t\t\t<\/div>\n\t\t\t\t\t<\/div>\n\t\t<\/div>\n\t\t\t\t\t<\/div>\n\t\t<\/section>\n\t\t\t\t<section class=\"elementor-section elementor-top-section elementor-element elementor-element-fd10e4d elementor-section-boxed elementor-section-height-default elementor-section-height-default\" data-id=\"fd10e4d\" data-element_type=\"section\">\n\t\t\t\t\t\t<div class=\"elementor-container elementor-column-gap-default\">\n\t\t\t\t\t<div class=\"elementor-column elementor-col-50 elementor-top-column elementor-element elementor-element-fe5b322\" data-id=\"fe5b322\" data-element_type=\"column\">\n\t\t\t<div class=\"elementor-widget-wrap elementor-element-populated\">\n\t\t\t\t\t\t<div class=\"elementor-element elementor-element-c3d064a elementor-widget elementor-widget-heading\" data-id=\"c3d064a\" data-element_type=\"widget\" data-widget_type=\"heading.default\">\n\t\t\t\t<div class=\"elementor-widget-container\">\n\t\t\t\t\t<h2 class=\"elementor-heading-title elementor-size-default\">Kemence Erdei M\u00fazeumvas\u00fat<\/h2>\t\t\t\t<\/div>\n\t\t\t\t<\/div>\n\t\t\t\t<div class=\"elementor-element elementor-element-d617e0f elementor-widget elementor-widget-text-editor\" data-id=\"d617e0f\" data-element_type=\"widget\" data-widget_type=\"text-editor.default\">\n\t\t\t\t<div class=\"elementor-widget-container\">\n\t\t\t\t\t\t\t\t\t<p>A Kemencei Erdei M\u00fazeumvas\u00fat a B\u00f6rzs\u00f6ny \u00e9szaki r\u00e9sz\u00e9n tal\u00e1lhat\u00f3, Magyarorsz\u00e1g egyetlen, kiz\u00e1r\u00f3lag \u00f6nk\u00e9ntes munk\u00e1val m\u0171k\u00f6dtetett kisvas\u00fatja. Technikai k\u00fcl\u00f6nlegess\u00e9ge a szem\u00e9lysz\u00e1ll\u00edt\u00f3 kisvasutak k\u00f6r\u00e9ben ritkas\u00e1gnak sz\u00e1m\u00edt\u00f3 600 mm nyomt\u00e1v \u00e9s az \u00fan. g\u00f6rp\u00e1ly\u00e1s vonalvezet\u00e9se.<\/p><p>2000-ben a Kisvasutak Bar\u00e1ti K\u00f6re Egyes\u00fclet tagjai \u00e1ll\u00edtott\u00e1k helyre a kor\u00e1bban kiz\u00e1r\u00f3lag erd\u00e9szeti c\u00e9l\u00fa, \u00e9s \u00e1rvizek \u00e1ltal s\u00falyosan megrong\u00e1lt kisvasutat &#8211; \u00e9s ma az Egyes\u00fclet tagjai m\u0171k\u00f6dtetik a ny\u00e1ri f\u00e9l\u00e9v h\u00e9tv\u00e9gi napjain.<\/p><p>B\u0151vbb inform\u00e1ci\u00f3: www.kisvasut.hu<\/p>\t\t\t\t\t\t\t\t<\/div>\n\t\t\t\t<\/div>\n\t\t\t\t<div class=\"elementor-element elementor-element-a06034b elementor-widget elementor-widget-google_maps\" data-id=\"a06034b\" data-element_type=\"widget\" data-widget_type=\"google_maps.default\">\n\t\t\t\t<div class=\"elementor-widget-container\">\n\t\t\t\t\t\t\t<div class=\"elementor-custom-embed\">\n\t\t\t<iframe loading=\"lazy\"\n\t\t\t\t\tsrc=\"https:\/\/maps.google.com\/maps?q=Kemence%20erdei%20m%C3%BAzeumvas%C3%BAt&#038;t=m&#038;z=14&#038;output=embed&#038;iwloc=near\"\n\t\t\t\t\ttitle=\"Kemence erdei m\u00fazeumvas\u00fat\"\n\t\t\t\t\taria-label=\"Kemence erdei m\u00fazeumvas\u00fat\"\n\t\t\t><\/iframe>\n\t\t<\/div>\n\t\t\t\t\t\t<\/div>\n\t\t\t\t<\/div>\n\t\t\t\t\t<\/div>\n\t\t<\/div>\n\t\t\t\t<div class=\"elementor-column elementor-col-50 elementor-top-column elementor-element elementor-element-68bb5f6\" data-id=\"68bb5f6\" data-element_type=\"column\">\n\t\t\t<div class=\"elementor-widget-wrap elementor-element-populated\">\n\t\t\t\t\t\t<div class=\"elementor-element elementor-element-12d34e5 elementor-widget elementor-widget-heading\" data-id=\"12d34e5\" data-element_type=\"widget\" data-widget_type=\"heading.default\">\n\t\t\t\t<div class=\"elementor-widget-container\">\n\t\t\t\t\t<h2 class=\"elementor-heading-title elementor-size-default\">Alf\u00f6ldi Kerti Gazdas\u00e1gi Vasutak Szakcsoport<\/h2>\t\t\t\t<\/div>\n\t\t\t\t<\/div>\n\t\t\t\t<div class=\"elementor-element elementor-element-9e626c7 elementor-widget elementor-widget-text-editor\" data-id=\"9e626c7\" data-element_type=\"widget\" data-widget_type=\"text-editor.default\">\n\t\t\t\t<div class=\"elementor-widget-container\">\n\t\t\t\t\t\t\t\t\t<p>Keskeny nyomk\u00f6z\u0171 iparvasutak m\u0171szaki \u00f6r\u00f6ks\u00e9geinek, ipart\u00f6rt\u00e9neti eml\u00e9keinek megment\u00e9se, gy\u0171jt\u00e9se, fel\u00faj\u00edt\u00e1sa. T\u00f6rt\u00e9net\u00fck \u00e9s t\u00e1rgyi eml\u00e9keik kutat\u00e1sa \u00e9s bemutat\u00e1sa.<\/p>\t\t\t\t\t\t\t\t<\/div>\n\t\t\t\t<\/div>\n\t\t\t\t<div class=\"elementor-element elementor-element-e402ea4 elementor-widget elementor-widget-text-editor\" data-id=\"e402ea4\" data-element_type=\"widget\" data-widget_type=\"text-editor.default\">\n\t\t\t\t<div class=\"elementor-widget-container\">\n\t\t\t\t\t\t\t\t\t<p><strong>El\u00e9rhet\u0151s\u00e9g:<\/strong><\/p><p>Weboldal: www.akgv.hu<\/p><p>Facebook:\u00a0Alf\u00f6ldi Kerti Gazdas\u00e1gi Vasutak<\/p>\t\t\t\t\t\t\t\t<\/div>\n\t\t\t\t<\/div>\n\t\t\t\t<div class=\"elementor-element elementor-element-d515f32 elementor-widget elementor-widget-google_maps\" data-id=\"d515f32\" data-element_type=\"widget\" data-widget_type=\"google_maps.default\">\n\t\t\t\t<div class=\"elementor-widget-container\">\n\t\t\t\t\t\t\t<div class=\"elementor-custom-embed\">\n\t\t\t<iframe loading=\"lazy\"\n\t\t\t\t\tsrc=\"https:\/\/maps.google.com\/maps?q=K%C3%ADgy%C3%B3si%20%C3%BAt%2034.%20B%C3%A9k%C3%A9scsaba%205600&#038;t=m&#038;z=16&#038;output=embed&#038;iwloc=near\"\n\t\t\t\t\ttitle=\"K\u00edgy\u00f3si \u00fat 34. B\u00e9k\u00e9scsaba 5600\"\n\t\t\t\t\taria-label=\"K\u00edgy\u00f3si \u00fat 34. B\u00e9k\u00e9scsaba 5600\"\n\t\t\t><\/iframe>\n\t\t<\/div>\n\t\t\t\t\t\t<\/div>\n\t\t\t\t<\/div>\n\t\t\t\t\t<\/div>\n\t\t<\/div>\n\t\t\t\t\t<\/div>\n\t\t<\/section>\n\t\t\t\t<\/div>\n\t\t","protected":false},"excerpt":{"rendered":"<p>A Ny\u00edrvid\u00e9ki Szakcsoport el\u00e9rhet\u0151s\u00e9ge: E-mail: nyirvideki@kisvasut.hu Szakcsoport vezet\u0151:F\u0171t\u0151 Bence J\u00e1nosMobil:\u00a0 \u00a0 \u00a0 \u00a0 (+36) 30\/255-0858E-mail:\u00a0 \u00a0 \u00a0 futo.bence.janos@kisvasut.hu Szakcsoporti koordin\u00e1tor:Kov\u00e1cs M\u00e1t\u00e9E-mail:\u00a0 \u00a0 \u00a0kovacs.mate@kisvasut.hu\u00a0\u00a0 Facebook: Ny\u00edrvid\u00e9ki&hellip;<\/p>\n","protected":false},"author":1,"featured_media":0,"parent":0,"menu_order":0,"comment_status":"closed","ping_status":"closed","template":"elementor_header_footer","meta":{"footnotes":""},"class_list":["post-62","page","type-page","status-publish","hentry"],"_links":{"self":[{"href":"https:\/\/nyirvideki.kisvasut.hu\/index.php?rest_route=\/wp\/v2\/pages\/62","targetHints":{"allow":["GET"]}}],"collection":[{"href":"https:\/\/nyirvideki.kisvasut.hu\/index.php?rest_route=\/wp\/v2\/pages"}],"about":[{"href":"https:\/\/nyirvideki.kisvasut.hu\/index.php?rest_route=\/wp\/v2\/types\/page"}],"author":[{"embeddable":true,"href":"https:\/\/nyirvideki.kisvasut.hu\/index.php?rest_route=\/wp\/v2\/users\/1"}],"replies":[{"embeddable":true,"href":"https:\/\/nyirvideki.kisvasut.hu\/index.php?rest_route=%2Fwp%2Fv2%2Fcomments&post=62"}],"version-history":[{"count":21,"href":"https:\/\/nyirvideki.kisvasut.hu\/index.php?rest_route=\/wp\/v2\/pages\/62\/revisions"}],"predecessor-version":[{"id":575,"href":"https:\/\/nyirvideki.kisvasut.hu\/index.php?rest_route=\/wp\/v2\/pages\/62\/revisions\/575"}],"wp:attachment":[{"href":"https:\/\/nyirvideki.kisvasut.hu\/index.php?rest_route=%2Fwp%2Fv2%2Fmedia&parent=62"}],"curies":[{"name":"wp","href":"https:\/\/api.w.org\/{rel}","templated":true}]}}